What is the tens digit of c(-8)?
3
What is the thousands digit of (-30959)/(-17) + 8/(-68)?
1
Let f(x) = -x - 1. Let l be f(-4). Suppose -2*s - 10 = 0, l*s + 2*s + 295 = 5*t. What is the tens digit of t?
5
Suppose 64*p = 66*p - 6802. What is the tens digit of p?
0
Suppose 3375 = 4*t + t - a, -3*t + 2043 = 3*a. Suppose t = -4*w - 0*w - 4*s, 3*w + 2*s + 508 = 0. Let p = -102 - w. What is the units digit of p?
8
Let c = 1 - 8. Let i be 4*((-38)/4 + 1). Let r = c - i. What is the units digit of r?
7
Suppose -p = 5 - 7. Suppose -320 = -6*f + 3*f + 5*i, 188 = p*f + 3*i. What is the units digit of f?
0
Let q = -2525 + 4779. What is the hundreds digit of q?
2
Let l be 0*(2 + 6/(-4)). Suppose 28*f = 113 - 29. Suppose l = -2*c + 2*v + 36, 4*v - 40 - 35 = -f*c. What is the units digit of c?
1
Suppose -22*i + 851 + 4473 = 0. What is the tens digit of i?
4
Let o be 1/((-35)/(-14)) - (-4)/(-10). Suppose j - 20 - 44 = o. What is the tens digit of j?
6
Suppose -15 = 3*n - 48. Suppose 0 = 3*t - n - 181. What is the units digit of t?
4
Suppose 3 = -3*j + 18. Suppose k - 88 = -j*r, 4*k + 2*r - 337 = -3*r. What is the tens digit of k?
8
Let t(c) = 1044*c + 65. What is the tens digit of t(1)?
0
Let u(r) be the first derivative of r**2/2 + 5*r + 3. Suppose -5*b + 36 + 14 = -4*i, 4*b - 14 = -2*i. What is the units digit of u(b)?
1
Suppose -867 - 1173 = -2*p. What is the hundreds digit of p?
0
Let f(j) = -193 + 98 + 128 + j**2 + 3*j. What is the tens digit of f(-10)?
0
Let f(j) = j**2 - 5*j + 3*j + j**3 + 41 + 3*j. Suppose 0 = -262*v + 249*v. What is the units digit of f(v)?
1
Let x(r) = r**3 - 3*r**2 - 4*r + 2. Let h be x(4). Let c(b) = 3*b**3 + 2*b**2 - b + 2. What is the tens digit of c(h)?
3
Suppose 3*x = 2*x + 5, -92 = -4*s - 4*x. Let w(z) = z**2 - 14*z + 58. What is the hundreds digit of w(s)?
1
Let d = 9 - 11. Suppose 101 = 4*b + 9. What is the units digit of (b/(-2))/(d/4)?
3
What is the hundreds digit of (-1 + -4 - -7) + 430?
4
Let i(r) = -25*r + 49. Let q be i(16). Let m = 533 + q. What is the units digit of m?
2
Let v = 172 + -75. Suppose -i + 29 = -v. What is the tens digit of i?
2
Let h(j) = -j**3 - 13*j**2 + 14*j + 1. Let u be h(-14). Let g(o) = 31*o**3 + o**2 - 2*o + 1. What is the tens digit of g(u)?
3
Let y(p) = -p**2 - 13*p + 9. Suppose -4*v - 10 - 26 = 0. What is the units digit of y(v)?
5
Suppose 0 = 4*n - d - 752, 0 = 5*n + 4*d + 619 - 1559. What is the units digit of n?
8
Suppose 0 = -5*f + c + 805, 4*f - c = 322 + 322. What is the hundreds digit of f?
1
Suppose 14*m - 17*m - 36 = 0. What is the units digit of 2*(-3)/m*6?
3
Let t(s) = 3*s - 6. Let z = -21 - -25. What is the units digit of t(z)?
6
Suppose 0 = -2*m, q + 2*m = -1 - 2. Let f = -8 + 6. What is the units digit of q/6 + (-39)/f?
9
Suppose 0 = -2*b + k + 337, -4*b = -k - 310 - 363. What is the hundreds digit of b?
1
Suppose -175 = -5*j - 5*g, g - 9 = -2*g. Let u = j + 8. What is the tens digit of u?
4
Let t be (-4)/(2/12*-3). Suppose t*f - 8 = 4*f. Suppose 62 - 2 = f*w. What is the tens digit of w?
3
Suppose 0 = -5*k - h + 1694, 6*h - 4*h - 8 = 0. What is the units digit of k?
8
Let v(l) = l**2 + 4*l - 14. Let j be (-1)/(4/(-24)) - 4. Suppose -2*h - 3*m + 35 = -4*h, j*h + 40 = 4*m. What is the units digit of v(h)?
6
Suppose -2*a = -3*a + 3. Suppose -48 = -4*s - 4*p, 0*s - 4*p = -a*s + 8. Let h(u) = u**3 - 6*u**2 - 11*u + 1. What is the tens digit of h(s)?
4
Let b = 3946 + -1992. What is the thousands digit of b?
1
Suppose 23 = 4*h - 17. Suppose -3*o - 306 = -3*b, 0 = 5*o - 0 - h. Suppose 0 = 2*m - 2*t - b, -162 = m - 4*m + t. What is the tens digit of m?
5
Let w(p) = -p + 149. Let d be w(0). Suppose h - 3*h = 4*v + 366, -3*v - 3*h = 273. Let g = v + d. What is the tens digit of g?
5
Suppose -41 - 67 = -3*x. Suppose 12*j = 13*j - x. What is the tens digit of j?
3
Let y be (-314)/8 - 4/(-16). Let t = -24 - y. Let p = t - 5. What is the tens digit of p?
1
Let n(l) = -80*l**3 + 3*l**2 + 6*l + 5. Let k be n(-2). Let v = k + -415. What is the units digit of v?
0
What is the hundreds digit of 8102/9 - 100/450?
9
Let d(o) = 202*o + 142. What is the thousands digit of d(9)?
1
Let j(y) = y**2 - 15*y + 3. Let z be j(19). Let q = -35 + z. What is the tens digit of q?
4
Let m(j) = -j**3 + 8*j**2 - 4*j + 3. Suppose -48 = -5*u + 57. Let i = 27 - u. What is the units digit of m(i)?
1
Let h(i) = 2*i**2 - 2*i - 3. What is the tens digit of h(-15)?
7
Suppose -r = 3*r - 12. Suppose r = 2*w - 87. Suppose -5*c + w = -60. What is the tens digit of c?
2
Suppose -v + 10656 = 8*v. What is the tens digit of v?
8
Let w(b) = -b**3 - 5*b**2 + 2*b + 12. Let p be w(-5). Let h be p - ((-2)/(-2) + -2). Suppose -3*d - j = -49, h*d - j = 2*j + 33. What is the tens digit of d?
1
Let k = -232 + 388. What is the hundreds digit of k?
1
Let i(w) = -w - 1. Let z(q) = -29*q - 6. Let g(b) = 2*b + 11. Let j be g(-5). Let l(k) = j*z(k) - 3*i(k). What is the tens digit of l(-2)?
4
Suppose 0 = 14*f - 8*f + 594. Let k = f + 106. What is the units digit of k?
7
Let r(p) = -29*p + 22. What is the hundreds digit of r(-7)?
2
Let z(h) = -3*h**2 - 4*h - 6. Let i(r) = -13*r**2 - 17*r - 25. Let m(x) = 2*i(x) - 9*z(x). What is the units digit of m(7)?
7
What is the tens digit of (2/(6/(-271)))/(32/(-288))?
1
Let f(p) = 3*p**3 - 47*p**2 - 35*p - 39. Let g(n) = -n**3 + 23*n**2 + 17*n + 19. Let x(v) = 2*f(v) + 5*g(v). What is the units digit of x(-20)?
7
Suppose 52*t - 64665 = 7*t. What is the tens digit of t?
3
Let g = -667 - -1011. What is the units digit of g?
4
Suppose -2613*o = -2598*o - 40200. What is the tens digit of o?
8
Let g = 49 + -25. Suppose 2*j + 27 = -2*j - 5*f, g = -3*j - 5*f. What is the tens digit of (j - -6) + 3 + 57?
6
Let t = -11 + 6. Let o = t - 40. Let u = 75 + o. What is the units digit of u?
0
Let c = 4805 - 2309. What is the tens digit of c?
9
Suppose 50*p - 52*p = -3*s + 2191, 4*s + p = 2925. What is the tens digit of s?
3
Suppose -13*t = -11*t + n - 2676, -3*t - 3*n + 4011 = 0. What is the hundreds digit of t?
3
Let i(v) = 3*v - 21. Let l(p) = -p**2 - 3*p + 15. Let g be l(-7). Let a be i(g). What is the tens digit of (a/(-3))/((-3)/(-6))?
4
Let s(t) = 2*t + 4. Suppose 0 = g - 4*g + q + 62, -q - 42 = -2*g. What is the units digit of s(g)?
4
Let r(n) = 3*n**2 - 53*n - 31. What is the hundreds digit of r(24)?
4
Let k be (-4 - -3)/((-2)/4). Suppose -4 = -2*s, 7*z = k*z + 5*s + 120. Suppose 2*t - 19 = o - 5, 3*t = -o + z. What is the units digit of t?
8
Suppose -3*g = -2*g - 15. Suppose 12*d - g*d + 105 = 0. What is the tens digit of d?
3
Suppose -2*w = -3*w + 85. Let g(x) = -x**3 + 2*x**2 + x - 2. Let n be g(2). Suppose -d - k + w = n, 2*k + 3*k = 4*d - 295. What is the units digit of d?
0
Let o = -93 + 62. Let f = o + -29. Let l = f + 122. What is the units digit of l?
2
Suppose -12*h = -18*h + 138. Suppose -u + 60 = -15. Suppose -u + h = -2*x. What is the tens digit of x?
2
Suppose -3*x + 4 = -7*m + 3*m, -4*x = 0. Let p = 1 - m. Suppose 14 = p*w + 3*h - 0, 2*h + 4 = 0. What is the units digit of w?
0
Let z = -28 - -58. Let k = z + -20. Suppose -4*v = -98 + k. What is the tens digit of v?
2
Let u be (-3 + 2)/((-10)/20). Suppose -5*k - 4*r = r - 255, 5*k - 225 = r. Suppose u = -2*b + k. What is the units digit of b?
2
Let h(n) be the third derivative of -8/3*n**4 - 2*n**2 - 1/2*n**3 + 0*n + 0. What is the units digit of h(-1)?
1
Let i = -4 + 16. Let z(q) = q**2 - 12*q + 2. Let l be z(i). Suppose -l*y - 106 = -3*j, 4*j - 49 = -4*y + 59. What is the units digit of j?
2
Let r(w) = -w**3 - 14*w**2 + 9*w - 12. Let s be r(-15). Let p = s - 16. What is the tens digit of p?
6
Let z(x) = -11*x**3 + 3*x**2 - 4*x + 3. Let i(l) = -10*l**3 + 3*l**2 - 3*l + 2. Let g(b) = -4*i(b) + 3*z(b). What is the tens digit of g(2)?
4
Let a = 14 + -11. Let p(u) = 6*u**2 - 4*u**2 - 5 - 2*u**3 + a + 4*u + u**3. What is the tens digit of p(-4)?
7
Suppose a + 5 = 0, -603 = -r - 2*a + 7*a. What is the hundreds digit of r?
5
Let j(v) = -22*v**2 - v - 1. Let t be j(-1). Let f = -7 - t. Suppose -7*i = -6*i - f. What is the tens digit of i?
1
Let w(t) = -t**3 + 6*t**2 + 7*t + 10. Let a(x) = -x**2 - 7*x + 4. Let i be a(-9). Let c be i*4/(-48)*6. What is the tens digit of w(c)?
1
Suppose h + 4*c = -4*h + 28, 0 = c + 3. Suppose 0 = w + 2*b - h - 4, 15 = 4